nd l.
10
Let p = -3264 + 3309. Let q(l) = 91*l**3 - 2*l + 1. Let n be q(1). Suppose -c = 2*c - n. What is the highest common factor of p and c?
15
Let q = 186 - 136. What is the highest common divisor of q and 350?
50
Let c = -3 + 8. Suppose -c*w + 12 = -w. Suppose 0 = w*f + 5*y - 18, 0 = -f + 5*y + 23 + 3. Calculate the greatest common divisor of 33 and f.
11
Suppose -3293 - 5317 = -41*a. What is the greatest common divisor of a and 330?
30
Suppose 58 = 5*w - 12. Let j = -26 + w. Let y be (-3)/(-9) - 956/j. What is the highest common divisor of y and 20?
20
Let d = 304 - 295. What is the greatest common factor of d and 36?
9
Let k be (-15)/(-5)*1 + 9. Suppose 4*v = 5*j + 503, -5*v + 645 = j - 4*j. What is the greatest common factor of v and k?
12
Suppose 5*c = -497 + 3147. Suppose b - 3*b = -c. Let w = b + -184. Calculate the highest common divisor of 9 and w.
9
Suppose 2*y = -y + 2*b - 4, 2*b - 12 = -y. Suppose 5*f + y*z = 334, f + 325 = 6*f + 5*z. Let r = 39 + -22. What is the greatest common factor of f and r?
17
Suppose 6*v - 11 = 25. Let s = v - -1. What is the highest common divisor of 1 and s?
1
Let n be 2/(-9) - (-652)/18. Let b = 78 - n. Let u = -440 + 503. Calculate the greatest common divisor of b and u.
21
Let l be (-15)/9 + 1 + 8268/117. What is the highest common divisor of l and 1960?
70
Let l(u) = -3*u - 35. Let v be l(-16). Suppose h + v = -2*h - 5*k, h + 4*k + 16 = 0. Calculate the highest common factor of 20 and h.
4
Let n(j) = 2*j**2 - 68*j + 84. Let s be n(36). Calculate the highest common divisor of 24 and s.
12
Let x(z) = -2*z**3 - 25*z**2 + 7*z - 8. Let w be x(-13). Calculate the highest common factor of w and 56.
14
Let f = -9 - -20. Suppose 40*t - 273 = 4567. Calculate the greatest common factor of f and t.
11
Let b = 95 + 5. Let k be (-60)/b + 763/5. What is the greatest common divisor of k and 19?
19
Let r be ((-144)/10)/((-12)/60). Suppose -3*p + r = 4*n, 5*n + 52 = 4*p - 44. Calculate the greatest common factor of 24 and p.
24
Let a(b) be the first derivative of -11*b**2 + 1 + 3*b - 2 - 7*b. Let s be a(-2). Calculate the highest common divisor of 8 and s.
8
Suppose 0*b = -4*b + 104. Let t(i) be the second derivative of 11*i**4/6 - i**3/2 + i**2/2 + i. Let h be t(-3). Calculate the highest common factor of b and h.
26
Suppose o = 78 - 2. Let w be ((-4)/(-9))/(-15 - (-28237)/1881). Calculate the greatest common factor of o and w.
38
Let j be ((-8)/(-3))/((-30)/(-90)). What is the greatest common factor of j and 12?
4
Let n be 34/187 + (-106)/(-22). Suppose -u + 0 = -5*d - 9, n*d - 127 = -3*u. Calculate the highest common divisor of 51 and u.
17
Let o = 222 - 217. Calculate the greatest common factor of o and 5.
5
Suppose 4*w + 3*o - 55 = 0, -35 = -4*w + 2*w + o. Let l = -11 + w. Suppose 0*h + 13 = x - l*h, -23 = -3*x - h. Calculate the greatest common factor of x and 2.
2
Let o = 1725 + -1709. What is the highest common divisor of 2 and o?
2
Suppose 5*d = -3*b - 12 + 193, -2*d - 5*b + 80 = 0. What is the highest common factor of 21 and d?
7
Let p be (894 - 0/1) + (-6)/(-3). Calculate the highest common divisor of 8 and p.
8
Let x be (177/(-9))/(8/(-72)). Calculate the highest common divisor of 236 and x.
59
Let j be (64/56)/(-4) + (-2914)/(-7). What is the greatest common factor of j and 13?
13
Let o(u) = u**3 + 26*u**2 + 49*u + 30. Let f be o(-24). What is the greatest common divisor of f and 453?
3
Let m be (-105 - 5)*(-6)/1. Suppose -10*a = -m - 190. What is the highest common factor of 17 and a?
17
Let r = 345 - 240. Suppose -350*x + 349*x = -42. Calculate the highest common factor of r and x.
21
Suppose -v - 5 = -21. Suppose -1598*k + 1590*k + 128 = 0. Calculate the highest common factor of v and k.
16
Suppose 12 = 4*f, 5*g - 1 = 5*f - 6. What is the greatest common divisor of 23 and g?
1
Suppose 4*n - 40 = -6*v + 3*v, 0 = -4*v. Let t = 14 - 4. What is the highest common divisor of n and t?
10
Let b = 449 + -440. Suppose -10 = w + 2. Let h = -6 - w. Calculate the highest common divisor of h and b.
3
Let z = 22 + -223. Let k = -171 - z. What is the highest common divisor of k and 3?
3
Suppose -3*t - 5696 = -5888. Calculate the greatest common factor of 512 and t.
64
Let v be ((-88)/66)/((-1)/(-303)). Let s = v + 580. Calculate the highest common divisor of s and 22.
22
Suppose 4*t = t + 15, 0 = -h - 3*t + 16. Let g(m) = m**2 - 3*m + 2. Let b be g(h). Let k be (1 - b)*-2 + 79. What is the greatest common divisor of k and 11?
11
Suppose 3*i = -y - 1, -3*y = -7*y + 4*i - 36. Let z(u) = -2*u - 11. Let l be z(y). What is the highest common divisor of 27 and l?
3
Suppose 3*z - 6*z + 24 = 0. Suppose -3*y - 4*l + 3*l = -54, -2*y = -5*l - 70. What is the greatest common factor of z and y?
4
Let c be (-3)/2*10/(-5). Suppose 3*t = -5*n + 105, -5*t - c*n + 159 = -0*t. What is the greatest common factor of 10 and t?
10
Suppose -51 = -6*s + 3*s. Suppose -5*l = -s - 63. What is the greatest common factor of l and 16?
16
Let t be (-17)/(-6) + 1/6. Let u be 138 - 2/(2/t). What is the highest common divisor of u and 27?
27
Let m(c) = -c**2 - 17*c - 14. Let r be m(-16). Calculate the greatest common divisor of r and 6.
2
Let d(m) be the second derivative of -3*m**5/10 - m**4/4 - 2*m**3/3 - 5*m**2/2 + m. Let k be d(-2). What is the highest common factor of 13 and k?
13
Let r(a) = -19*a - 68. Let g be r(-8). What is the greatest common factor of 63 and g?
21
Let a = 2 - -3. Let x(j) = 9*j + 2. Let o be x(a). Let d = o - 26. Calculate the greatest common divisor of 168 and d.
21
Suppose 3 = u - 11. Calculate the highest common divisor of u and 35.
7
Let p = -21 + 15. Let s be p*((-16)/6)/2. Let k be (s + -3)*2*1. Calculate the highest common divisor of k and 50.
10
Suppose 12*w - 6 = 15*w. Let n be 8/3*9/w. Let g be -12*1*n/8. Calculate the greatest common divisor of g and 126.
18
Suppose -r + 9 = 2*r, 22 = 5*m - r. Let t(g) = 3*g**3 - 5*g**2 - 8*g + 5. Let o be t(m). What is the greatest common factor of 43 and o?
43
Let w = -27 - -44. Let d = 30 - w. What is the greatest common divisor of 91 and d?
13
Suppose 13*t = 7295 - 1679. Calculate the greatest common factor of t and 48.
48
Suppose -2*h - 5*u = -20, -4*h - h + 33 = 4*u. Let x = -223 - -410. Suppose x = 4*s + 7. What is the highest common factor of h and s?
5
Let h be -2*5/((-50)/3515). Suppose 11*y - 606 = h. Calculate the highest common factor of y and 17.
17
Suppose 8 = -m - g + 47, 3*m - 5*g = 85. Let d = -31 + m. What is the greatest common divisor of d and 1?
1
Let g be ((-35)/5)/(11/(-22)). Calculate the highest common divisor of g and 238.
14
Let o(y) = 4 - 2*y**2 + 12 + 5*y**2 - 2*y**2 - 13*y. Let n be o(17). Calculate the highest common factor of 12 and n.
12
Let v be 0 + 0 + -2 + 2 + 0. Suppose 0*c + c - 30 = v. What is the greatest common divisor of c and 90?
30
Let f be (1742/(-201))/(10/6 + -2). What is the greatest common factor of f and 22?
2
Suppose -a - 66 = -2*a. Let f be (-12)/a - 101/(-11). Let d be (-6)/f - 80/(-3). What is the greatest common factor of d and 39?
13
Suppose 9 + 111 = -10*j. Suppose -100 = -4*x - 16. Let k = x + j. Calculate the highest common factor of k and 63.
9
Let r = 628 - 367. Calculate the highest common divisor of r and 29.
29
Let t be 61/6 - 4/24. Let s be (-220)/6*(-33 - -30). Calculate the greatest common factor of t and s.
10
Let r be 20/(-40) + 123/2. Calculate the greatest common divisor of 488 and r.
61
Let j be 20/((-4400)/(-42260)) + 2/(-22). Let z(x) = 4*x + 8. Let h be z(6). Calculate the greatest common divisor of h and j.
32
Let f(i) = -i**3 - 5*i**2 + 6*i. Let g be f(-6). Suppose -3*a + 7 + 5 = g. Suppose -8*v + a*v = -32. Calculate the greatest common divisor of 64 and v.
8
Suppose 6*f + 26 = 80. Calculate the highest common divisor of 45 and f.
9
Let i be 15/(-20) - 129/(-12). Let k = 15 - i. Suppose 2*o = -5*j + 65, -70 = -2*o - 0*j - 4*j. What is the greatest common divisor of o and k?
5
Let s be (9 - 8)/(1/4). Suppose s*j = 2*h + 8, -3*h - 4*j + 0*j = -18. Suppose -h*d = -6 - 6. Calculate the greatest common divisor of d and 48.
6
Let s be (52/(-10) - -4)/(4/(-170)). Suppose b - s = -3*b - m, 4*b = -5*m + 63. What is the greatest common divisor of b and 9?
3
Suppose 6*h - 185 = -5. What is the greatest co